
Let o(n) = n**2 - 9*n + 3. Let a be o(9). Let v(d) = 3*d**3 + d**3 - 3*d**a + 2*d**2 + 1 - 2*d. Determine v(-3).
-2
Let f be -9 + 2 - -3 - -1. Let q(u) = 4*u. What is q(f)?
-12
Let d(h) = h**3 - 4*h**2 + 2*h - 4. Let r = 7 - 1. Let s be (-3 - (-2 - -1)) + r. Give d(s).
4
Let h(j) be the first derivative of -3*j**4/4 - j**2 - j + 2. Let n be h(-1). Let t(b) = 3 - n + 2 - b + 4*b. Calculate t(3).
10
Suppose 0 = 2*j - 2, 4*p + 10 = 2*j. Let g(f) be the first derivative of -1/2*f**4 - 2 + 0*f**2 - 2/3*f**3 + 0*f. Give g(p).
8
Let s(z) = z**2 + 17*z - 15. Let h be s(-18). Let i(t) be the third derivative of 1/60*t**5 + 0 + 0*t + 1/6*t**h + t**2 + 1/24*t**4. Determine i(2).
7
Let r(g) be the first derivative of g**3/3 - 7*g**2/2 + g + 16. Calculate r(8).
9
Let t(j) = -j**2 - j + 2. Let a be t(0). Let w(h) = -1 - h**2 - h - 5*h**a + 5*h**2. Suppose -4*z = -o - o + 12, -3*z - 2*o = 2. Give w(z).
-3
Let i(f) = -f**2 - 6*f - 3. Let r be i(-4). Suppose -j = -0 - r. Suppose -j*p = -p + 4. Let x(d) = 2*d**3 - d**2. Determine x(p).
-3
Let u(h) = 4*h**2 + 4*h**2 - 3*h - 7*h**2 + 3. Determine u(2).
1
Let j(u) = u - 7. Let y be ((16 - 16)*(-1)/(-3))/(-3). Calculate j(y).
-7
Let o(g) = g**2 - 6*g - 1. Let j be o(3). Let u(x) = -x**2 - 12*x - 15. Give u(j).
5
Let g(m) be the second derivative of -m**3/3 + 5*m**2/2 + 3*m. Let c be (1/1)/(2/38). Suppose -s - c = -5*d, 19 = 5*d + 3*s - 4. Determine g(d).
-3
Let t = -34 - -35. Let d(x) = -6*x**2 + x + 5. Let q(f) = -f**2 + 1. Let h(b) = d(b) - 5*q(b). What is h(t)?
0
Let c(z) = -8*z**2 - z. Let t(q) = -9*q**2 - q. Let s(n) = -2*c(n) + 3*t(n). Calculate s(-1).
-10
Suppose 5*t + 3*a - 8 = 0, 4*t - 4*a = a - 1. Let x(u) = -7*u**2 - 2*u + 1. What is x(t)?
-8
Let f(o) = -1. Let p(q) = -q + 5. Let s(k) = 6*f(k) + p(k). Let i(z) = 3*z - 1. Let m be i(-1). Determine s(m).
3
Let r(z) be the third derivative of z**8/840 + z**6/360 - z**5/120 + z**4/8 - 2*z**2. Let m(k) be the second derivative of r(k). Give m(1).
9
Let c(l) = 4*l**2 + l + 1. Let h(t) = -t**3 + t**2 - t - 1. Let q be h(0). Give c(q).
4
Suppose 3*x + 2*h - 2 = 2*x, 2*h - 14 = 2*x. Let s(m) = -5*m - 12. Let t(z) = -11*z - 25. Let w(v) = x*t(v) + 9*s(v). Determine w(-7).
-1
Let i = -1 + 1. Let v(p) = -4*p**2 - 7*p - 9. Let c(a) = -3*a**2 - 5*a - 9. Let b(t) = -3*c(t) + 2*v(t). Give b(i).
9
Let g(j) be the second derivative of -j**5/20 + j**4/3 - j**3/6 + 5*j**2/2 - 5*j. Determine g(4).
1
Let l be (-23)/(4*4/16). Let o = 18 + l. Let t(p) = p - 7. Give t(o).
-12
Let n(a) be the second derivative of -a**4/12 + a**3 + 4*a**2 - 7*a. Calculate n(6).
8
Let n(d) = -5*d**3 - 2*d**2 + d. Let p be n(1). Let w(v) be the second derivative of -v**3/6 - 2*v**2 + 2*v. What is w(p)?
2
Suppose -c = -3 - 0. Let d(w) = -2*w - 1 + 3*w - 4. What is d(c)?
-2
Suppose 4*z + 52 = -44. Let v be 19/4 + (-6)/z. Suppose v*j - 2 = -7. Let u(s) = 8*s**2. Calculate u(j).
8
Let q = 6 - 5. Suppose 2*c - x = 2*x + q, -3*x = 9. Let z(m) = m**2 + 6*m + 2. Calculate z(c).
-6
Suppose -3*h = -8*h. Let s = 2 - h. Let n(q) = -3*q**2 - 5*q + 5. Let d(t) = 4*t**2 + 6*t - 4. Let z(g) = s*d(g) + 3*n(g). Calculate z(-5).
-3
Suppose -5*p + 10 = 3*u, -u + 2*p + 9 = -2*p. Let i(w) be the third derivative of 0*w**4 + 1/120*w**6 + 0*w**u - 2*w**2 - 5/3*w**3 + 0*w + 0. Give i(0).
-10
Let q(a) = -a**2 + 9*a - 4. Let u(o) = -o**2 + 8*o - 3. Let b(c) = -3*q(c) + 4*u(c). Give b(4).
4
Suppose 4*p - 19*p = 90. Let v(q) = q**2 + 7*q + 6. Give v(p).
0
Suppose 5*p - h - 98 = 16, 3*p - 70 = h. Suppose 0 = -p*o + 27*o - 25. Let k(s) = s**3 - 6*s**2 + 3*s + 3. Determine k(o).
-7
Let s(f) = 2*f**2 + f + 1. Let h(c) = -2 + 2 - 1 - 2*c**2 - c. Let p(l) = 3*h(l) + 4*s(l). Determine p(-1).
2
Let f(l) be the second derivative of -l**4/12 - 4*l**3/3 + 3*l**2/2 - 14*l. What is f(-9)?
-6
Let s = -36 + 25. Let x(p) = -p**2 - 12*p - 9. Determine x(s).
2
Let y(x) = -5*x**2 + 41*x**3 + 48*x**3 + 3 - 87*x**3 + x. What is y(3)?
15
Let b(y) = -y - 4. Let n be b(-8). Let k(h) = 7*h + 20. Let i(x) = -3*x - 10. Let c(p) = n*k(p) + 9*i(p). What is c(0)?
-10
Let v(g) = -g - 12. Let i be (4 - 0)/(28/14). Let k be i/15 + (-77)/15. Determine v(k).
-7
Let u(q) = -2*q**2 - 6*q. Suppose -2*t + 153 = 161. Determine u(t).
-8
Let k(f) = -f**3 + f**2 - f - 1. Let g(d) = 6*d**3 - 9*d**2 + 5*d + 5. Let i(o) = g(o) + 5*k(o). Give i(4).
0
Let s(l) be the first derivative of l**2/2 + 3*l + 19. Determine s(-4).
-1
Let o be (-4)/6 - (-2)/3. Let x(v) = o + 2 + v - 3. What is x(-4)?
-5
Let d(c) = c**2 + 12. Let o(k) = -k**2 - 12. Let l(p) = 2*d(p) + 3*o(p). Let x be 2/5 - (-4)/(-10). Calculate l(x).
-12
Let w(o) be the third derivative of o**6/60 - o**5/30 - o**3/3 - o**2. Let n = -5 - -13. Suppose -n = -5*t + t. Determine w(t).
6
Let w be 2/(-10)*135/(-18). Let o(s) be the first derivative of -1/3*s**3 + 1 + w*s**2 + 2*s. Calculate o(5).
-8
Let a = 13 - 22. Let g = a + 6. Let j(z) = 7*z**3 + 10*z**2 + 3*z. Let v(n) = -3*n**3 - 5*n**2 - 2*n. Let s(f) = -2*j(f) - 5*v(f). What is s(g)?
6
Let x(c) = -2*c**2 + 2*c - 2. Let m(q) = -q**3 + 6*q**2 + 2. Let t be m(6). Determine x(t).
-6
Let s be 0 - ((-3)/1 + 0). Suppose -s*i = -2 - 1. Let m(z) = -z**3 + 0 + 2*z**3 + i. Give m(0).
1
Suppose 0*w = w + 4*z - 1, -w = 5*z. Suppose n = -o + 5, -w*o - 2*n = -6 - 13. Let c(a) = 3*a**3 - 2*a**o + 5*a**2 - 2*a**2. Determine c(-3).
0
Let u(a) = -a - 6. Let f be u(-5). Let s(c) = -c**3 - c - 1. Let h(q) = 2*q**3 + q**2 + 6*q + 6. Let v(y) = h(y) + 6*s(y). What is v(f)?
5
Let i(v) = -3*v + 1. Suppose -3*m = -5*w - 7*m + 38, 0 = -w - 4*m + 14. Let x = w - 4. What is i(x)?
-5
Let d(c) = -10*c**2 + 1 - 4 + 9*c**2 + c - 6*c. Let l be ((-1)/(-1)*14)/2. Suppose 0 = -3*j - l - 5. Give d(j).
1
Suppose 3*w = w. Let y(u) = w - 5 + 8*u - 7*u. What is y(-4)?
-9
Suppose -2*d + 10 = 0, 4*a + 25 = 2*d + 3*d. Suppose 0*m = 4*m - 4*p, -2*m - p - 12 = a. Let s(c) = -c**3 - 3*c**2 + 3*c + 1. Calculate s(m).
5
Let l(g) = 3*g**3 - g - 2*g**3 - 4*g**3 + 4*g**3 + g**2. Give l(-1).
1
Let g(y) = -y - 3. Let o = 15 - 3. Suppose 0 = d + d + o. Let h be (-1 - 0)/(2/d). Determine g(h).
-6
Let y(k) be the first derivative of 2*k**2 - 1/4*k**4 - 10 - 4*k + 2/3*k**3. What is y(3)?
-1
Let x(p) = p + 1. Let z(s) = s + 1. Let j(g) = -2*x(g) + z(g). Give j(4).
-5
Let i(w) = w**2 + 2*w - 5. Let d(m) = m**2 + 3*m - 6. Let u(h) = 3*d(h) - 4*i(h). Suppose -6 = 3*r - 2*j, 4*r + 3 = -0*r + j. Suppose r*s - 6 = 3*s. Give u(s).
-4
Let r(n) = -n + 1. Let b(o) = -o**2 + o + 1. Let s(x) = -b(x) - r(x). What is s(-3)?
7
Suppose f + 2*x = 5*f - 28, 0 = 5*f + x - 21. Suppose -3*w = -5*z - 5, 3*w = -w + 4*z + 4. Let l(j) = w*j + 3 - j + 2*j + 1. Calculate l(f).
9
Let z be 24/4 + -4 - -31. Let n(j) = 3*j + j**2 + z - 33. Determine n(-5).
10
Let u(o) be the first derivative of o**4/4 - 4*o**3/3 - 6. Determine u(3).
-9
Let s(q) = -q**3 + 5*q**2 + 2*q - 3. Let i(j) = j**2 - 6*j + 5. Let w be i(6). What is s(w)?
7
Let t(d) = -d**2 - 3*d - 6. Let z(m) = m**2 + 3*m + 7. Let h(o) = -6*t(o) - 5*z(o). Give h(-2).
-1
Suppose 4*n = -4 + 12. Let t(w) = 4*w + w + w**2 + n + 2*w - 2*w. Give t(-4).
-2
Let j(b) = -1 - 5 + 4 + b. Let y be j(5). Let p(n) = -n**2 + n + 1. Calculate p(y).
-5
Suppose 2*b - 8*b + 12 = 0. Let z(f) = -2*f**2 + 2*f - 3. What is z(b)?
-7
Let r(h) = 9*h + 4. Let v(k) = -8*k - 3. Let q(u) = 2*r(u) + 3*v(u). Give q(1).
-7
Let j be ((-84)/(-35))/(6/20). Suppose 12 = -4*f, -c + 0*c - 3*f - 5 = 0. Let l = c - j. Let b(v) = -v + 2. Calculate b(l).
6
Let b = -43/2 - -22. Let f(j) be the first derivative of -1/4*j**4 - 3*j + b*j**2 + 2 + 4/3*j**3. Determine f(4).
1
Let t(g) be the first derivative of g**2/2 - 5*g - 1. Suppose 4*d + 4*j - 16 = 0, -26 = -3*d - 0*j + 4*j. What is t(d)?
1
Let r(g) = -5*g**2 - 2*g + 1. Let l(d) = -d**2 + 4*d + 22. Let k be l(7). Determine r(k).
-6
Suppose 15 = -0*y + 3*y. Let i(c) = 4*c - 7. Give i(y).
13
Let t(b) = -b + 14. Let d be t(9). Let u(n) = 3*n + 3 - 7*n - n + 2*n**2 - n**2. What is u(d)?
3
Let j(t) = t**2 + 2*t - 2. Let y = 2 + -5. Give j(y).
1
Let d(m) be the third derivative of m**2 - 1/20*m**5 + 0 - 1/120*m**6 + 1/12*m**4 - 2/3*m**3 + 0*m. What is d(-4)?
4
Let z(y) be the third derivative of 0*y - 1/6*y**4 + 0 + 2*y**2 + 1/60*y**5 + 1/6*y**3. Suppose 0 = -4*j + 3*s + 1, 5*s + 6 = j + 27. Wh